{"id":266,"date":"2025-10-05T14:07:33","date_gmt":"2025-10-05T14:07:33","guid":{"rendered":"https:\/\/montbruncommerce.com\/?page_id=266"},"modified":"2026-03-03T14:45:16","modified_gmt":"2026-03-03T14:45:16","slug":"restauration","status":"publish","type":"page","link":"https:\/\/montbruncommerce.com\/index.php\/restauration\/","title":{"rendered":"Restauration \/ H\u00f4tel"},"content":{"rendered":"\n<h2 class=\"wp-block-heading\">H\u00f4tel des Voyageurs<\/h2>\n\n\n\n<div class=\"wp-block-columns is-layout-flex wp-container-core-columns-is-layout-28f84493 wp-block-columns-is-layout-flex\">\n<div class=\"wp-block-column is-layout-flow wp-block-column-is-layout-flow\" style=\"flex-basis:33.33%\">\n<figure class=\"wp-block-image size-full is-resized\"><img fetchpriority=\"high\" decoding=\"async\" width=\"567\" height=\"425\" src=\"https:\/\/montbruncommerce.com\/wp-content\/uploads\/2025\/10\/voyageurs.jpg\" alt=\"\" class=\"wp-image-269\" style=\"width:300px\" srcset=\"https:\/\/montbruncommerce.com\/wp-content\/uploads\/2025\/10\/voyageurs.jpg 567w, https:\/\/montbruncommerce.com\/wp-content\/uploads\/2025\/10\/voyageurs-300x225.jpg 300w\" sizes=\"(max-width: 567px) 100vw, 567px\" \/><\/figure>\n<\/div>\n\n\n\n<div class=\"wp-block-column is-layout-flow wp-block-column-is-layout-flow\" style=\"flex-basis:66.66%\">\n<p>William vous accueille dans un cadre \u00e9l\u00e9gant, et propose une cuisine fran\u00e7aise aux saveurs d&rsquo;hier et d&rsquo;aujourd&rsquo;hui.<\/p>\n\n\n\n<p>Vous souhaitez organiser un banquet, une soir\u00e9e, f\u00eater un \u00e9v\u00e9nement ? <br>N&rsquo;h\u00e9sitez pas \u00e0 le contacter, il peut recevoir jusqu&rsquo;\u00e0 80 personnes.<\/p>\n\n\n\n<p>D\u00e9jeuner et d\u00eener en terrasse \u00e0 la belle saison.<\/p>\n\n\n\n<p><\/p>\n<\/div>\n<\/div>\n\n\n\n<div class=\"wp-block-columns is-layout-flex wp-container-core-columns-is-layout-28f84493 wp-block-columns-is-layout-flex\">\n<div class=\"wp-block-column is-layout-flow wp-block-column-is-layout-flow\" style=\"flex-basis:33.33%\">\n<p><strong>Horaires :<\/strong><br>lundi 12h &#8211; 13h30 \/ 19h &#8211; 20h30<br>mardi 12h &#8211; 13h30 \/ 19h &#8211; 20h30<br>mercredi 12h &#8211; 13h30 \/ Ferm\u00e9 le soir<br>jeudi Ferm\u00e9 toute la journ\u00e9e<br>vendredi 12h &#8211; 13h30 \/ 19h &#8211; 20h30<br>samedi 12h &#8211; 13h30 \/ 19h &#8211; 20h30<br>dimanche 12h &#8211; 13h30 \/ Ferm\u00e9 le soir<\/p>\n\n\n\n<p><strong>Cong\u00e9s Annuels :<\/strong><br>R\u00e9ouverture Lundi 9 Mars 2026<\/p>\n<\/div>\n\n\n\n<div class=\"wp-block-column is-layout-flow wp-block-column-is-layout-flow\" style=\"flex-basis:45%\">\n<p><strong>Contact :<\/strong><br>T\u00e9l\u00e9phone : 04 75 28 81 10<br>Email : <a href=\"mailto:hoteldesvoyageurs26 @gmail.com\">hoteldesvoyageurs26@gmail.com<\/a><br><\/p>\n\n\n\n<p><strong>Adresse : <\/strong><br>15, Rue Notre Dame<br>26570 Montbrun-les-Bains<\/p>\n<\/div>\n<\/div>\n\n\n\n<ul style=\"margin-top:var(--wp--preset--spacing--superbspacing-small);margin-bottom:var(--wp--preset--spacing--superbspacing-small)\" class=\"wp-block-list\">\n<li class=\"has-superbfont-xxsmall-font-size\">Restaurant<\/li>\n\n\n\n<li class=\"has-superbfont-xxsmall-font-size\">H\u00f4tel<\/li>\n\n\n\n<li class=\"has-superbfont-xxsmall-font-size\">Boutique de d\u00e9coration<\/li>\n<\/ul>\n","protected":false},"excerpt":{"rendered":"<p>H\u00f4tel des Voyageurs William vous accueille dans un cadre \u00e9l\u00e9gant, et propose une cuisine fran\u00e7aise aux saveurs d&rsquo;hier et d&rsquo;aujourd&rsquo;hui. Vous souhaitez organiser un banquet, une soir\u00e9e, f\u00eater un \u00e9v\u00e9nement ? N&rsquo;h\u00e9sitez pas \u00e0 le contacter, il peut recevoir jusqu&rsquo;\u00e0 80 personnes. D\u00e9jeuner et d\u00eener en terrasse \u00e0 la belle saison. Horaires :lundi 12h &#8211; [&hellip;]<\/p>\n","protected":false},"author":1,"featured_media":0,"parent":0,"menu_order":0,"comment_status":"closed","ping_status":"closed","template":"","meta":{"footnotes":""},"wf_page_folders":[36],"class_list":["post-266","page","type-page","status-publish","hentry"],"_links":{"self":[{"href":"https:\/\/montbruncommerce.com\/index.php\/wp-json\/wp\/v2\/pages\/266","targetHints":{"allow":["GET"]}}],"collection":[{"href":"https:\/\/montbruncommerce.com\/index.php\/wp-json\/wp\/v2\/pages"}],"about":[{"href":"https:\/\/montbruncommerce.com\/index.php\/wp-json\/wp\/v2\/types\/page"}],"author":[{"embeddable":true,"href":"https:\/\/montbruncommerce.com\/index.php\/wp-json\/wp\/v2\/users\/1"}],"replies":[{"embeddable":true,"href":"https:\/\/montbruncommerce.com\/index.php\/wp-json\/wp\/v2\/comments?post=266"}],"version-history":[{"count":10,"href":"https:\/\/montbruncommerce.com\/index.php\/wp-json\/wp\/v2\/pages\/266\/revisions"}],"predecessor-version":[{"id":1160,"href":"https:\/\/montbruncommerce.com\/index.php\/wp-json\/wp\/v2\/pages\/266\/revisions\/1160"}],"wp:attachment":[{"href":"https:\/\/montbruncommerce.com\/index.php\/wp-json\/wp\/v2\/media?parent=266"}],"wp:term":[{"taxonomy":"wf_page_folders","embeddable":true,"href":"https:\/\/montbruncommerce.com\/index.php\/wp-json\/wp\/v2\/wf_page_folders?post=266"}],"curies":[{"name":"wp","href":"https:\/\/api.w.org\/{rel}","templated":true}]}}